d by 33.
30
Calculate the remainder when 4590 is divided by 70.
40
What is the remainder when 520 is divided by 242?
36
Calculate the remainder when 14685 is divided by 48.
45
Calculate the remainder when 1285 is divided by 39.
37
What is the remainder when 453 is divided by 442?
11
Calculate the remainder when 1873 is divided by 28.
25
What is the remainder when 671 is divided by 145?
91
Calculate the remainder when 2637 is divided by 7.
5
What is the remainder when 205 is divided by 102?
1
What is the remainder when 36 is divided by 5?
1
Calculate the remainder when 278 is divided by 71.
65
What is the remainder when 1384 is divided by 87?
79
What is the remainder when 69 is divided by 20?
9
What is the remainder when 277 is divided by 18?
7
What is the remainder when 42 is divided by 25?
17
What is the remainder when 2850 is divided by 110?
100
Calculate the remainder when 313 is divided by 108.
97
Calculate the remainder when 16 is divided by 6.
4
Calculate the remainder when 1399 is divided by 50.
49
What is the remainder when 452 is divided by 198?
56
Calculate the remainder when 6 is divided by 2.
0
Calculate the remainder when 1316 is divided by 88.
84
Calculate the remainder when 1283 is divided by 147.
107
What is the remainder when 47878 is divided by 18?
16
What is the remainder when 406 is divided by 165?
76
What is the remainder when 166 is divided by 9?
4
Calculate the remainder when 297 is divided by 60.
57
Calculate the remainder when 145 is divided by 25.
20
What is the remainder when 2179 is divided by 1087?
5
Calculate the remainder when 237 is divided by 79.
0
Calculate the remainder when 220 is divided by 46.
36
Calculate the remainder when 220 is divided by 98.
24
What is the remainder when 4871 is divided by 11?
9
Calculate the remainder when 1446 is divided by 58.
54
Calculate the remainder when 139 is divided by 36.
31
Calculate the remainder when 112 is divided by 26.
8
Calculate the remainder when 47 is divided by 46.
1
Calculate the remainder when 777 is divided by 256.
9
Calculate the remainder when 177 is divided by 3.
0
What is the remainder when 40 is divided by 23?
17
What is the remainder when 135 is divided by 68?
67
Calculate the remainder when 398 is divided by 50.
48
What is the remainder when 220 is divided by 17?
16
What is the remainder when 318 is divided by 10?
8
What is the remainder when 1192 is divided by 133?
128
What is the remainder when 730 is divided by 280?
170
What is the remainder when 365 is divided by 62?
55
Calculate the remainder when 88 is divided by 67.
21
Calculate the remainder when 468 is divided by 155.
3
What is the remainder when 2137 is divided by 30?
7
What is the remainder when 749 is divided by 50?
49
What is the remainder when 481 is divided by 10?
1
Calculate the remainder when 764 is divided by 13.
10
Calculate the remainder when 76 is divided by 33.
10
What is the remainder when 10204 is divided by 319?
315
What is the remainder when 17621 is divided by 89?
88
What is the remainder when 3236 is divided by 90?
86
What is the remainder when 94 is divided by 19?
18
Calculate the remainder when 1412 is divided by 109.
104
What is the remainder when 3327 is divided by 30?
27
What is the remainder when 203 is divided by 196?
7
What is the remainder when 212 is divided by 9?
5
Calculate the remainder when 188 is divided by 38.
36
Calculate the remainder when 1063 is divided by 11.
7
What is the remainder when 350 is divided by 348?
2
What is the remainder when 509 is divided by 165?
14
Calculate the remainder when 213 is divided by 101.
11
Calculate the remainder when 1408 is divided by 52.
4
What is the remainder when 110 is divided by 39?
32
Calculate the remainder when 787 is divided by 246.
49
What is the remainder when 1214 is divided by 29?
25
What is the remainder when 344 is divided by 45?
29
What is the remainder when 2417 is divided by 14?
9
What is the remainder when 4654 is divided by 145?
14
What is the remainder when 1541 is divided by 503?
32
What is the remainder when 51 is divided by 28?
23
What is the remainder when 1445 is divided by 1444?
1
What is the remainder when 36396 is divided by 20?
16
What is the remainder when 568 is divided by 13?
9
Calculate the remainder when 7439 is divided by 42.
5
What is the remainder when 466 is divided by 22?
4
What is the remainder when 262 is divided by 129?
4
Calculate the remainder when 1723 is divided by 345.
343
Calculate the remainder when 664 is divided by 18.
16
Calculate the remainder when 304 is divided by 142.
20
What is the remainder when 63 is divided by 22?
19
What is the remainder when 37 is divided by 37?
0
What is the remainder when 275 is divided by 88?
11
What is the remainder when 1596 is divided by 51?
15
What is the remainder when 11 is divided by 1?
0
What is the remainder when 454 is divided by 259?
195
Calculate the remainder when 1619 is divided by 27.
26
What is the remainder when 2175 is divided by 276?
243
What is the remainder when 68 is divided by 23?
22
Calculate the remainder when 261 is divided by 8.
5
What is the remainder when 213 is divided by 24?
21
Calculate the remainder when 363 is divided by 91.
90
Calculate the remainder when 54 is divided by 5.
4
Calculate the remainder when 1200 is divided by 58.
40
What is the remainder when 72 is divided by 39?
33
What is the remainder when 541 is divided by 21?
16
What is the remainder when 4323 is divided by 23?
22
Calculate the remainder when 1358 is divided by 34.
32
Calculate the remainder when 137085 is divided by 336.
333
What is the remainder when 324 is divided by 314?
10
Calculate the remainder when 773 is divided by 31.
29
Calculate the remainder when 75208 is divided by 69.
67
Calculate the remainder when 2888 is divided by 290.
278
What is the remainder when 1980 is divided by 659?
3
What is the remainder when 3689 is divided by 233?
194
What is the remainder when 823 is divided by 11?
9
Calculate the remainder when 56 is divided by 3.
2
Calculate the remainder when 1062 is divided by 56.
54
What is the remainder when 199 is divided by 10?
9
Calculate the remainder when 699 is divided by 22.
17
What is the remainder when 15 is divided by 9?
6
What is the remainder when 510 is divided by 23?
4
Calculate the remainder when 336 is divided by 60.
36
What is the remainder when 1649 is divided by 800?
49
Calculate the remainder when 38 is divided by 3.
2
Calculate the remainder when 103 is divided by 44.
15
Calculate the remainder when 1114 is divided by 18.
16
Calculate the remainder when 95 is divided by 42.
11
What is the remainder when 44 is divided by 10?
4
What is the remainder when 9100 is divided by 16?
12
Calculate the remainder when 27 is divided by 3.
0
What is the remainder when 127 is divided by 64?
63
Calculate the remainder when 785 is divided by 129.
11
What is the remainder when 6226 is divided by 2070?
16
Calculate the remainder when 654 is divided by 110.
104
What is the remainder when 1799 is divided by 41?
36
What is the remainder when 10666 is divided by 47?
44
What is the remainder when 285 is divided by 28?
5
Calculate the remainder when 3331 is divided by 29.
25
Calculate the remainder when 778 is divided by 156.
154
Calculate the remainder when 4191 is divided by 2088.
15
What is the remainder when 4690 is divided by 6?
4
Calculate the remainder when 80 is divided by 30.
20
What is the remainder when 4065 is divided by 83?
81
What is the remainder when 2596 is divided by 378?
328
Calculate the remainder when 119 is divided by 30.
29
Calculate the remainder when 1215 is divided by 14.
11
What is the remainder when 750 is divided by 375?
0
What is the remainder when 23 is divided by 12?
11
Calculate the remainder when 172 is divided by 164.
8
Calculate the remainder when 675 is divided by 97.
93
What is the remainder when 413 is divided by 223?
190
Calculate the remainder when 343 is divided by 132.
79
Calculate the remainder when 64 is divided by 9.
1
Calculate the remainder when 121 is divided by 52.
17
What is the remainder when 1915 is divided by 75?
40
Calculate the remainder when 347 is divided by 17.
7
Calculate the remainder when 8484 is divided by 1211.
7
What is the remainder when 122 is divided 